- 2881 = 0. What is the units digit of s?
7
Let w(q) = -113*q - 32. What is the units digit of w(-4)?
0
Suppose 4*l - 15 - 13 = 0. Suppose 0 = -4*m + 5*n + 252, 3*n - 56 = -m + l. What is the tens digit of m?
6
What is the hundreds digit of (-1748)/(-3)*177/236?
4
What is the tens digit of (-4)/36 + 213696/162?
1
Suppose 3*f - 2*p - 1511 = 0, -2*f + 15*p - 14*p + 1009 = 0. What is the units digit of f?
7
Suppose -4*n = -8*n - 4. Let u be (15/(-10))/(n/2). Suppose -u*c + 24 = -45. What is the tens digit of c?
2
Let o(d) = d + 3. Let b be o(-3). Let f = 11 + -8. Suppose 0*p + f*p - 21 = 5*n, n = b. What is the units digit of p?
7
What is the tens digit of (-32 - -29)/((-6)/74)?
3
Suppose -5*a = 3*s - 852, -5*a = -2*a + 4*s - 509. What is the units digit of a?
1
Let j = 60 - 21. Suppose 1223 - j = 8*m. What is the hundreds digit of m?
1
Let a = 117 - 97. Suppose 8*y = 3*y + 20. Suppose -y*q + 2*x + a = -18, 4 = 4*x. What is the tens digit of q?
1
Let d(u) = u**3 + 2*u**2 - 4*u - 3. Let o be d(-2). Suppose 4*q - 427 - 79 = -2*m, 0 = 3*q - o*m - 412. What is the units digit of q?
9
Let u = 65 - -34. Suppose 0 = 4*f - 1 - u. What is the units digit of f?
5
Suppose 5*q = -3*x + 22 - 4, -2*q - 30 = -5*x. Suppose -x*b = -99 - 237. What is the units digit of b?
6
Let i = -94 - -95. What is the tens digit of i/(18/96)*(4 - 1)?
1
Let o(n) = -n**2 - 7*n - 8. Let r be o(-5). Suppose x = r*f - 21 + 166, -4*x + 547 = 3*f. What is the hundreds digit of x?
1
Let t = -23 + 28. Suppose t*g - 4*k + 0*k = 201, g - 42 = -k. What is the units digit of g?
1
Let n = 3041 + -1456. What is the hundreds digit of n?
5
Let u(m) = m**2 + 10*m - 9. Let q be u(7). Let n = q - 28. What is the units digit of n?
2
Let u be (-104)/10 - (-10)/25. What is the units digit of 8/u*(107/(-2) - -6)?
8
Suppose 1 = 2*g - 7. Suppose 0*x + 2*x = -3*j + 73, -101 = -3*x + g*j. Let w = -20 + x. What is the units digit of w?
5
Suppose -114*h = -142*h + 80192. What is the tens digit of h?
6
Let o be ((-5)/(-2))/(1/2). Let m(a) = a**2 + a - 17. Let t(l) = 2*l**2 + l - 34. Let d(s) = o*m(s) - 2*t(s). What is the tens digit of d(-8)?
2
Suppose 173*h + 91843 = 202*h. What is the hundreds digit of h?
1
Suppose 8*k = 31200 + 5560. What is the units digit of k?
5
Suppose 28*z + 7576 - 82448 = 0. What is the thousands digit of z?
2
Suppose 32 = -17*l + 66. Suppose -5*q - 11 - 6 = -3*n, 20 = 4*n - 4*q. Suppose n*h = l*h + 82. What is the units digit of h?
1
Let i be (3*(-3)/9)/1. Let u = i - -42. What is the tens digit of u?
4
Suppose 2*o = -n - 61, 2*n = -5*o - 102 - 49. Let g = -71 - o. Let b = -25 - g. What is the units digit of b?
7
Suppose 12*a + 632 = 4*a. Let t = -56 - a. What is the units digit of t?
3
Let z(h) = h**3 - 16*h**2 - 9*h - 34. What is the tens digit of z(18)?
5
Let r = 11633 + -7898. What is the tens digit of r?
3
Suppose -7*y = -6*y + 14. Let n(z) = z**2 + 13*z - 9. Let f be n(y). Suppose -f*i = -2*m + 41, -3*i + 2 - 1 = 2*m. What is the units digit of m?
8
Suppose -4*y + 17 = -h - 0*h, -5*h + 3*y = 0. Let k be (-6 + h)*(6 - 0). What is the units digit of (-14)/k - (-12)/54?
1
Let r be 35/(-5)*(-54)/7. Suppose -3*p + r = -p. What is the tens digit of p?
2
Let t be (-2 - -3) + (5 - 1). Suppose 5*u - 2*w - w - 150 = 0, u - t*w = 30. What is the units digit of u?
0
Let n(l) = -l**2 + l. Let s be 10/(-15)*(-6)/4. Let u(x) = -3*x**2 - 5*x - 15. Let p(w) = s*u(w) - 4*n(w). What is the units digit of p(11)?
7
Let v be (-87)/9 - (-4)/6. Suppose 13*x + 59 - 293 = 0. Let z = v + x. What is the units digit of z?
9
Let n = -736 - -926. What is the tens digit of n?
9
Let r(s) = -s + 15. Let b be r(5). Let x(j) = j**3 - 7*j**2 - 16*j + 20. What is the hundreds digit of x(b)?
1
What is the units digit of (0 - -1)/((-98)/(-31066))?
7
Suppose -32*v = -31261 + 2429. What is the hundreds digit of v?
9
Suppose 4*v - 30 = -v. Let p be ((-50)/15)/(v/(-9)). Suppose n + 0*b = -p*b + 36, 0 = -3*n + 2*b + 74. What is the tens digit of n?
2
Let x = -344 - -486. Suppose -8*j = x - 1334. What is the tens digit of j?
4
Let i(o) = 27*o**2 - 12*o - 1. What is the hundreds digit of i(-4)?
4
Let u(q) = -6*q**3 + 5*q**2 - 8*q - 12. What is the units digit of u(-6)?
2
What is the hundreds digit of 1 + 9 - 3640/(-40)?
1
Suppose 2*n - 14 = 2*d, 2*d + d = -2*n - 11. Suppose 0 = 5*h + n - 7. Suppose 7 = s - q, -h = 2*q + 1. What is the units digit of s?
6
Let l(f) = f**3 - 2*f**2 - 2*f - 2. Let b be l(-2). Let o be (-44)/(-5)*(-105)/b. Let w = o + -18. What is the units digit of w?
8
Let f be (-10)/(-3)*36/30. Suppose -b = 5*u - 108, -2*b + 4*b - 84 = -f*u. What is the units digit of 163/11 - (-4)/u?
5
Let u(n) = n**2. Let q be u(2). Suppose 20 = 3*s - q. What is the units digit of s?
8
What is the thousands digit of 2076 + (-2 - (0 - 0)) + 1?
2
Suppose -4*n - 2*j + 42 = 0, 34 = -0*n + 3*n + 4*j. What is the units digit of 1/5 + 178/n?
8
What is the tens digit of 6 - (-45498)/11 - 16/88?
4
Suppose 4*w + 16 = -0*l + 4*l, 4 = 4*w. Suppose 5*v - 861 = -c, -3*v + l*c - 2*c + 531 = 0. What is the units digit of v?
3
Suppose -3*w + 3*c + 2 + 7 = 0, -4*w - 4*c + 4 = 0. Suppose 4*o = 2*a + w*o + 22, -5*a - 37 = o. Let z(g) = g**2 + 3*g - 11. What is the tens digit of z(a)?
2
Let f(v) be the third derivative of v**6/120 + 7*v**3/6 - v**2. Let t be f(5). Let z = -70 + t. What is the units digit of z?
2
Suppose 4*x = -0*x - 88. Let m = x - -25. Suppose -34 = -0*t - 2*t - 2*d, -m*t + 52 = 2*d. What is the tens digit of t?
1
Let w(p) = 34*p**2 + 21*p + 61. What is the tens digit of w(-4)?
2
Let o(z) be the first derivative of z**4/4 + 11*z**3/3 - 10*z**2 - 10*z + 3. Let k be o(-13). Let g = 140 + k. What is the units digit of g?
2
Let n = 8 - 5. Suppose -5*b - 21 = 4*h, 0 = 5*h - n*b + 5*b + 39. Let g(i) = -4*i - 12. What is the tens digit of g(h)?
2
Let n be ((-16)/24)/((-2)/6). Suppose 22 = -n*l - 2. What is the tens digit of l/4*-1 - -9?
1
Let o(z) = -z + 5. Let u be o(4). Let g = 16 - 18. What is the units digit of (u + g - 1) + 32?
0
Let s = -835 - -1399. What is the hundreds digit of s?
5
Suppose -4*i + 1820 = -0*i. What is the units digit of i?
5
Let u = -227 - -671. What is the units digit of u?
4
Suppose 0 = 3*p - 13 + 7. Suppose -5*n + 4*t + 388 = 0, 5*n + p*t - 378 + 2 = 0. What is the units digit of n?
6
Let t = -77 - 61. Let q = 287 + t. What is the hundreds digit of q?
1
Let k(f) = 14*f + 17. Let r(o) = 5*o + 6. Let c(n) = -3*k(n) + 8*r(n). Suppose -5*t + 50 = -5*x, 3*t - 5 = 4*x + 33. What is the units digit of c(x)?
3
Let a(t) = -4*t**2 - 12*t + 6. Let v(f) = 9*f**2 + 25*f - 11. Let m(w) = 7*a(w) + 3*v(w). What is the units digit of m(-8)?
7
Let q(w) = -26*w + 6. Let p be q(-3). What is the tens digit of (p/3*-2)/(-2)?
2
What is the units digit of (-6)/24 - (-231)/12?
9
Suppose 6*d + 2529 = 6891. What is the hundreds digit of d?
7
Suppose -s - 5 - 14 = 0. Let d = s - -64. What is the tens digit of d?
4
Let w be 1/((-4)/5 - -1). Suppose b = -2*i + 30, w*i = b + 2*b - 90. Suppose -5*q + b = -2*q. What is the tens digit of q?
1
Let k(d) = 2*d**2 + d - 1. Let y = 0 - -1. Let r be k(y). What is the units digit of r/(-4*4/(-112))?
4
Let b(p) = p**3 - 17*p**2 + 18*p - 20. Let t(q) = -4*q**2 - q - 1. Let u be t(-1). Let f = u - -20. What is the tens digit of b(f)?
1
Suppose -20*q = -86 + 6. What is the tens digit of (102 + 3 - q) + -5?
9
Let d(q) = -10*q + 6*q**2 + 11*q + 7 + 5*q + q**3. Let r be d(-5). What is the units digit of (-50)/(-6) - r/6?
8
Let m = 1368 - 799. What is the tens digit of m?
6
What is the hundreds digit of 134/(-938) + 3179/7?
4
Suppose -3*q - 27 = -5*g, 2*q = g + 3*g - 20. Suppose -3*v - g*v = -384. What is the units digit of v?
4
What is the units digit of 48 + (1 + 2 - 9)?
2
Suppose -32 = 4*x - 4*f, -5*x - 40 = -2*f + f. Let o(a) = a**3 + 9*a**2 - 3*a - 6. What is the units digit of o(x)?
2
What is the thousands digit of (40/16 + -2)*4390?
2
Let i(f) = 2*f**2 - 10. Let n be i(-3). What is the units digit of (-10 + n)*(-10)/4?
5
Suppose 0*i = -4*i - 416. Let v = i - -189. What is the units digit of v?
5
Suppose 3*h - 8*h = -9145. What is the tens digit of h?
2
Suppose j = 5*j - 3*r - 4, -5*j = -5*r. Let d be 40/18 + (7/9 - 1). Suppose 3*x = m - 4, -j*x - x = 3*m + d. What is the units digit of m?
1